{"id":26,"date":"2019-06-11T09:37:35","date_gmt":"2019-06-11T12:37:35","guid":{"rendered":"http:\/\/143.107.88.225\/edge.fea.usp.br\/www\/?page_id=26"},"modified":"2020-09-16T11:33:00","modified_gmt":"2020-09-16T14:33:00","slug":"vagas","status":"publish","type":"page","link":"https:\/\/www.edge.fea.usp.br\/index.php\/vagas\/","title":{"rendered":"VAGAS (Premium)"},"content":{"rendered":"<p>Espa\u00e7o para compartilharmos vagas e oportunidades (premium) de nosso network de organiza\u00e7\u00f5es e alinhadas \u00e0 miss\u00e3o do EDGE\/USP envolvendo TECNOLOGIA e NEG\u00d3CIOS! Aproveitem e divulguem!<\/p>\n<p>&nbsp;<\/p>\n<p>&nbsp;<\/p>\n<p><strong>E003<\/strong> &#8211;<strong><span style=\"color: #0000ff;\"> Consultores para Projeto em Controladoria \/ Consolida\u00e7\u00e3o (Ambiente ORACLE) &#8211; Local S\u00e3o Paulo<\/span><\/strong><\/p>\n<p>Encaminhar CV e breve relato de experi\u00eancia nas \u00e1reas citadas (Neg\u00f3cio &amp; Tecnologia) &#8211; indicar c\u00f3digo <strong>E003<\/strong><\/p>\n<p><a href=\"mailto:edge@usp.br\">edge@usp.br<\/a><\/p>\n<hr \/>\n<p><strong>E01_<\/strong>\u00a0&#8211; <strong><span style=\"color: #0000ff;\">Oportunidades em Data Science Lab &#8211; Grande Grupo Brasileiro (Local S\u00e3o Paulo)<\/span><\/strong><\/p>\n<p>Cientista de Dados Senior (<strong>E011<\/strong>) ou Pleno (<strong>E012<\/strong>)<\/p>\n<ul>\n<li>Produzir, testar e experimentar modelos estat\u00edsticos aplicados as diferentes \u00e1reas de neg\u00f3cio.<\/li>\n<li>Criar, manter, e atualizar relat\u00f3rios anal\u00edticos para usu\u00e1rios internos.<\/li>\n<li>Trazer insights e conduzir experimentos junto a \u00e1rea usu\u00e1ria<\/li>\n<li>Criar, manter e atualizar rotinas que integram toda as informa\u00e7\u00f5es e dados da \u00e1rea usu\u00e1ria<\/li>\n<\/ul>\n<p>DESEJ\u00c1VEL<\/p>\n<ul>\n<li>Desej\u00e1vel superior completo em Ci\u00eancia da Computa\u00e7\u00e3o, Estat\u00edstica, Sistema de Informa\u00e7\u00e3o, Engenharia da computa\u00e7\u00e3o.<\/li>\n<li>Conhecimento em Linguagens de programa\u00e7\u00e3o de an\u00e1lise de dados (R, Python e SQL).<\/li>\n<li>Data Mining<\/li>\n<li>Algoritmos Machine Learning<\/li>\n<li>Modelagem Estat\u00edstica<\/li>\n<li>Conhecimento em Otimiza\u00e7\u00e3o \/ Pesquisa Operacional<\/li>\n<li>Ingl\u00eas intermedi\u00e1rio<\/li>\n<li>Desej\u00e1vel experi\u00eancia em varejo, distribui\u00e7\u00e3o e bens de consumo<\/li>\n<\/ul>\n<p>Encaminhar CV e breve relato de experi\u00eancia nas \u00e1reas citadas (Neg\u00f3cio &amp; Tecnologia) &#8211; indicar c\u00f3digo respectivo<\/p>\n<p><a href=\"mailto:edge@usp.br\">edge@usp.br<\/a><\/p>\n<hr \/>\n<p><strong>E013<\/strong>\u00a0&#8211;<strong><span style=\"color: #0000ff;\"> Oportunidades em Data Science Lab &#8211; Grande Grupo Brasileiro (Local S\u00e3o Paulo)<\/span><\/strong><\/p>\n<p>Cientista de Dados Junior (<strong>E013<\/strong>)<\/p>\n<ul>\n<li>Produzir, testar e experimentar modelos estat\u00edsticos aplicados as diferentes \u00e1reas de neg\u00f3cio.<\/li>\n<li>Criar, manter, e atualizar relat\u00f3rios anal\u00edticos para usu\u00e1rios internos.<\/li>\n<li>Trazer insights e conduzir experimentos junto a \u00e1rea usu\u00e1ria<\/li>\n<li>Criar, manter e atualizar rotinas que integram toda as informa\u00e7\u00f5es e dados da \u00e1rea usu\u00e1ria<\/li>\n<\/ul>\n<p>DESEJ\u00c1VEL<\/p>\n<ul>\n<li>Desej\u00e1vel cursando Ci\u00eancia da Computa\u00e7\u00e3o, Estat\u00edstica, Sistema de Informa\u00e7\u00e3o, Engenharia da computa\u00e7\u00e3o.<\/li>\n<li>Conhecimento b\u00e1sico em Linguagens de programa\u00e7\u00e3o de an\u00e1lise de dados (R, Python e SQL).<\/li>\n<li>Data Mining<\/li>\n<li>Modelagem Estat\u00edstica<\/li>\n<li>Conhecimento em Otimiza\u00e7\u00e3o \/ Pesquisa Operacional<\/li>\n<li>Ingl\u00eas intermedi\u00e1rio<\/li>\n<\/ul>\n<p>Encaminhar CV e breve relato de experi\u00eancia nas \u00e1reas citadas (Neg\u00f3cio &amp; Tecnologia) &#8211; indicar c\u00f3digo <strong>E013<\/strong><\/p>\n<p><a href=\"mailto:edge@usp.br\">edge@usp.br<\/a><\/p>\n<hr \/>\n<p><strong>E02_<\/strong>\u00a0&#8211; <strong><span style=\"color: #0000ff;\">Oportunidades para Analista de Sistemas (Local S\u00e3o Paulo)<\/span><\/strong><\/p>\n<p>Analista de Sistemas Senior (<strong>E021<\/strong>) ou Pleno (<strong>E022<\/strong>)<\/p>\n<ul>\n<li>Linguagem de programa\u00e7\u00e3o em Visual Studio .Net<\/li>\n<li>Banco de dados (SQL, ORACLE, ProstGree)<\/li>\n<li>ETL e Transforma\u00e7\u00e3o de dados<\/li>\n<\/ul>\n<p>DESEJ\u00c1VEL<\/p>\n<ul>\n<li>Desej\u00e1vel superior completo em Engenharia da computa\u00e7\u00e3o, Ci\u00eancias da computa\u00e7\u00e3o.<\/li>\n<li>Especializa\u00e7\u00e3o em programa\u00e7\u00e3o e desenvolvimento de softwares e banco de dados<\/li>\n<li>Desenvolvimento em Linguagem .Net (C#)<\/li>\n<li>Banco de Dados &#8211; Modelagem, cria\u00e7\u00e3o de objetos, etc<\/li>\n<li>Linguagem SQL<\/li>\n<li>Ingl\u00eas intermedi\u00e1rio<\/li>\n<\/ul>\n<p>Encaminhar CV e breve relato de experi\u00eancia nas \u00e1reas citadas (Neg\u00f3cio &amp; Tecnologia) &#8211; indicar c\u00f3digo respectivo<\/p>\n<p><a href=\"mailto:edge@usp.br\">edge@usp.br<\/a><\/p>\n<hr \/>\n<p>&nbsp;<\/p>\n<p>&nbsp;<\/p>\n","protected":false},"excerpt":{"rendered":"<p>Espa\u00e7o para compartilharmos vagas e oportunidades (premium) de nosso network de organiza\u00e7\u00f5es e alinhadas \u00e0 miss\u00e3o do EDGE\/USP envolvendo TECNOLOGIA e NEG\u00d3CIOS! Aproveitem e divulguem! &nbsp; &nbsp; E003 &#8211; Consultores para Projeto em Controladoria \/ Consolida\u00e7\u00e3o (Ambiente ORACLE) &#8211; Local S\u00e3o Paulo Encaminhar CV e breve relato de experi\u00eancia nas \u00e1reas citadas (Neg\u00f3cio &amp; Tecnologia) &#8230; <a title=\"VAGAS (Premium)\" class=\"read-more\" href=\"https:\/\/www.edge.fea.usp.br\/index.php\/vagas\/\" aria-label=\"More on VAGAS (Premium)\">Ler mais<\/a><\/p>\n","protected":false},"author":1,"featured_media":0,"parent":0,"menu_order":0,"comment_status":"closed","ping_status":"closed","template":"","meta":[],"_links":{"self":[{"href":"https:\/\/www.edge.fea.usp.br\/index.php\/wp-json\/wp\/v2\/pages\/26"}],"collection":[{"href":"https:\/\/www.edge.fea.usp.br\/index.php\/wp-json\/wp\/v2\/pages"}],"about":[{"href":"https:\/\/www.edge.fea.usp.br\/index.php\/wp-json\/wp\/v2\/types\/page"}],"author":[{"embeddable":true,"href":"https:\/\/www.edge.fea.usp.br\/index.php\/wp-json\/wp\/v2\/users\/1"}],"replies":[{"embeddable":true,"href":"https:\/\/www.edge.fea.usp.br\/index.php\/wp-json\/wp\/v2\/comments?post=26"}],"version-history":[{"count":8,"href":"https:\/\/www.edge.fea.usp.br\/index.php\/wp-json\/wp\/v2\/pages\/26\/revisions"}],"predecessor-version":[{"id":377,"href":"https:\/\/www.edge.fea.usp.br\/index.php\/wp-json\/wp\/v2\/pages\/26\/revisions\/377"}],"wp:attachment":[{"href":"https:\/\/www.edge.fea.usp.br\/index.php\/wp-json\/wp\/v2\/media?parent=26"}],"curies":[{"name":"wp","href":"https:\/\/api.w.org\/{rel}","templated":true}]}}